 28))
-28
What is the value of -955 - -1040 - (33 - -3)?
49
Evaluate (1 - -83) + 30 + 27 + -4 + -67.
70
-200 + 227 - 62 - (-85 + -1)
51
-3 + 29 + 21 + -48
-1
Calculate -11 + 6 + (34 - 21) + 1 + 28.
37
(-41 - -2) + (163 + -48 - 20)
56
Evaluate -70 - (-12 + (-6 - -21) - (-2 - -2)) - 7.
-80
Calculate (-86 - -3) + (-363 - -412).
-34
Calculate -24 + -10 + (16 - 0 - (10 - -41 - 44)).
-25
What is -21 + 24 + -2 - 10 - -77?
68
Calculate 6 - (33 + -12 + 27) - (1 + 3).
-46
What is 4 + 16 - (867 + -845)?
-2
Calculate -38 - (5 + 31 + -34 + 0 + -7 + 9).
-42
Calculate -33 + (23 - (16 + -3)) - (-157 + 163).
-29
10 + (10 - (-6 + 14)) - -10
22
What is -19 + (-54 - -30) - -14?
-29
Calculate (4 - -123) + (-16 - (-40 + 27)).
124
1 - 12 - (56 - 69) - 7
-5
What is the value of 1942 + -1930 + (2 - -3 - 92 - (4 + 0))?
-79
Evaluate 4 + -1 + 5 - (-11 + 12 + -10 + 1).
16
Evaluate -430 + 437 - (10 - (4 + (-4 - -3))) - -44.
44
What is the value of (3 + -5 - 3) + 24 + 7 + -17?
9
Evaluate 13 - ((-12 - 1 - -5) + 3).
18
-19 - 17 - (9 + -53)
8
Calculate -59 + -141 - (-87 - 13).
-100
25 + (7 - -13 - 27)
18
Evaluate 2 + (2 - (10 + -29)) + (1 - -6).
30
What is 49 + (-59 - (61 - 113) - (1 - 18))?
59
What is the value of 11 + 117 + -56 - 109?
-37
Calculate (11 - 9) + -68 + -5 + -5 + -7 + 14.
-69
What is the value of (-9 - (-45 - -24)) + (41 - (3 + 5))?
45
Evaluate 0 - (9 - 0) - (-62 + (-2 - -24) + 31).
0
-17 - (-18 - (24 - 33))
-8
Evaluate 26 - (1 + -2 + -3 + 18 + (34 - 44)).
22
100 - (124 - (-1 + 38))
13
What is the value of 4659 + -4726 - (-77 - -1)?
9
What is (3 + -60 - -107) + -23?
27
(-109 - -153 - 183) + (34 - 0)
-105
Evaluate 58 + (490 + -505 - ((0 - -2) + -3)).
44
What is -13 + -44 + -5 + 42?
-20
What is the value of 12 - (0 - (8 + (-13 - -25) + -10))?
22
(9 - 0) + (-128 - (-167 + 91))
-43
What is the value of 116 + (-13 - -5) + 5 + 4 + (29 - 23)?
123
What is (0 - 11) + -3087 + 3149?
51
Calculate -46 + 0 + (863 - 913) + (0 - -1).
-95
What is the value of -6 + (-4 - (120 - 28)) - 26?
-128
What is the value of 29 - 15 - 18 - (5 + -50)?
41
Calculate 12 + -19 + (-1 + -12 - 4) + (11 - 3).
-16
Calculate ((-4 - -1) + -13 - -7) + (-131 - (-8 - 2)).
-130
14 + (8 - 4 - ((19 - 9) + -8) - 68)
-52
What is the value of (-13 - (5 + -9)) + -7 + -1 + -4?
-21
What is the value of 137 + (-99 - (99 + 61))?
-122
Calculate (19 - -1) + -31 + -37 + 8 + 46.
6
Calculate 24 - (38 + -30) - -15.
31
Calculate (-108 - -164) + (27 - 1) + -27.
55
Calculate (1138 - 1061) + (14 - 80).
11
What is 10 - (3 - (-3 - 6) - (-364 + 351))?
-15
Calculate (-2 - 9) + (11 - (4 + -6 + -2) - 0).
4
What is -5 + 20 + -101 + (4 - (-9 + 10) - -9)?
-74
Evaluate -34 + (-51 - -86) + 20.
21
What is -1 + 25 + (-4217 - -4177)?
-16
What is 13 + (-19 - (-15 - (-19 + 12))) + -6?
-4
-38 + (31 - -67 - 73)
-13
What is the value of (-12 - -16) + 3 - ((-27 - -26) + -43)?
51
7 + 8 - -1 - 5 - 82 - -19
-52
What is -71 - (20 + -39) - (8 - (9 + 4))?
-47
What is (9 - 28) + 295 + -229?
47
Evaluate -31 - (-56 - 62) - (7 + 2).
78
What is the value of (28 - (-206 + 204 - (-32 + -1))) + -52 + 0?
-55
19 + (11 - (49 - -1)) - (1 + 71)
-92
Evaluate (-1 - 8) + 15 - (38 + -61).
29
Calculate (166 + -37 - 77) + (2 - -33).
87
Evaluate -5 - -15 - (6 + -7) - (57 + 2).
-48
Evaluate ((22 - -10) + -13 - (-2 + 11)) + (-4 - 2).
4
Calculate 15 + (-17 + 0 + 17 - -33).
48
Evaluate 13 - (115 - (-7 + -2) - (2 + -2 + -1)).
-112
Calculate 110 + -111 - 53 - 39.
-93
Calculate (65 - 21) + -113 + 12.
-57
Calculate (-10 - -1) + (-58 - -32 - -70 - 127).
-92
What is -312 - -307 - (6 - 76)?
65
What is the value of -92 - -21 - -66 - (0 - -32)?
-37
Calculate 47 - 0 - (-1722 + 1754).
15
Evaluate 60 + -78 + 35 - (9 - (-7 - -2)).
3
Evaluate 29 + -46 - -25 - (36 + 4).
-32
Calculate -73 - (86 + -46 + -104).
-9
(-9 - (3 - 40)) + -67
-39
What is 1 - -4 - ((-28 - -24) + -7)?
16
Calculate 40 + -3 + -17 - 9 - (2 - -58).
-49
-3 + -5 - -5 - 0 - (103 - 109) - 50
-47
Evaluate 4 - (-57 + -28 + 69 + 3 + -1).
18
(9 - (1 - 2)) + (-248 - 23 - -332)
71
Evaluate 10 + 0 + 3 + (-8 - 7) + 1.
-1
What is 41 + (1 - 25) + (180 - 169)?
28
4 + (-3 - 20) + -5 + (-4 + 2 - -6)
-20
What is the value of 40 - (128 + -34 + -49)?
-5
Evaluate 26 + (-113 - -49) - -37.
-1
-16 + -30 + 86 - (4 - 14)
50
Calculate 12 - (59 + (-67 - 19)).
39
What is the value of -11 - (5 + (14 + -14 - -7)) - -12?
-11
Calculate 44 + 43 + 3 - ((1 - -20) + -1).
70
-28 + -16 + 48 + -13 - -16
7
What is (32 - -20) + (-32 - -4)?
24
Evaluate -6 + -1 - (-216 - -216).
-7
Evaluate -1 + 12 + (6 - (120 - 68)).
-35
Calculate 0 + 8 + (-1 - 51).
-44
What is the value of (-4 + 52 - 30) + -63 + 138?
93
What is the value of -1 - (-2 + 3 - 9) - (-4 + 4)?
7
Calculate -87 + 2 + -1 - (-16680 + 16656).
-62
What is the value of (-69 - -89) + -14 + -21?
-15
What is -15 - (-10 + (31 - (46 - 0)))?
10
Evaluate 4 - ((3 + -18 - (-86 - 12)) + -16).
-63
Evaluate -15 - (-25 - (20 + -10) - 10).
30
Calculate 8 - (-38 + 2 + 185) - -20.
-121
Calculate 7 - (22 - 24) - 51.
-42
108 + 81 + -46 - 111
32
What is the value of -45 + (76 - 31) + 10?
10
(4 + 67 - 1) + 1 + -35 + (-65 - -98)
69
What is the value of (-3 - ((-51 - -1) + -8)) + (-7 - -13 - -3)?
64
Calculate -4 + 10 - (116 + 4 + -19 - 2 - -9).
-102
Evaluate 1311 + -1430 + -3 + 63.
-59
What is 11 + -21 + (-12 - 1 - -26) + -31?
-28
Evaluate (-474 - -479) + (1 - 2) + (-1 - 0) + 0.
3
0 + -8 + (1 - 1) + (109 - 568 - -497)
30
What is -21 + (-1 - -2) + (-36 - -88) + -57?
-25
Calculate (-17 + 57 - 20) + -11.
9
17 - 58 - (1 + 4 - (13 + -3))
-36
Calculate (-9 - (-4 + -1)) + (6 - 2 - -7).
7
-548 - -689 - (79 + -3)
65
What is the value of 7 - -6 - (6 + (9 - 10) + (1 - 2))?
9
What is 13 - (8 + (-81 - ((12 - 5) + -4))) - 0?
89
What is 2 - (-12 - (8 - 31) - 1 - -21)?
-29
Calculate -6 + (1 - -21 - -8) + -10.
14
What is -35 - (-15 - 83 - -69)?
-6
What is the value of 36 - (-2 + (57 - 19))?
0
Calculate -19 - -78 - -40 - (2 + 15 - 2).
84
(-49 - 1) + -77 + 130
3
What is 95 + -98 - (21 - (0 + -9 - (17 + -23)))?
-27
Calculate 1 + 26 + 3025 + -3022.
30
What is -71 - (17 - 23 - 8) - -18?
-39
What is the value of 3 - -1 - (1 + 46 - (-25 - -14))?
-54
What is (32 - -4) + (-59 - -32) - (0 - (109 - -1))?
119
(-33 - (-38 + 43)) + 0
-38
Calculate -1 + 56 - (44 - (-80 - -80)).
11
138 + (2 - -14) + -60
94
Evaluate 36 + (-84 - -14) - -17.
-17
What is the value of -36 + (33 - 18 - -60)?
39
What is 44 + (0 - (54 + 4))?
-14
Calculate 94 + (65 - 64) + (1 - 17) + 1.
80
Calculate (-8 - -8) + 3 + 5 + -1 + (1 - 44).
-36
What is the value of 1 + 16 + (-63 - -5) + (204 - 264)?
-101
3 + -1 + (-118 - -127) - (33 - -30)
-52
(-4 - ((1 - -9) + -6)) + 0
-8
(17 - (48 - 6)) + -6
-31
Evaluate 11 + (99 - 98) + -28 + 1.
-15
Calculate 2 + -34 - (76 - 36).
-72
Evaluate (-8 - -1) + (-23 - ((11 - -37) + 28 + -17)).
-89
-48 - (6 - (9 - (-23 - -4)))
-26
Evaluate (-68 - (-1 - 1) - 1) + (412 - 325) + -89.
-69
-29 - (11 + (-13 - -10) + 6)
-43
What is the value of -22 + 9 + (-13 + 1 + (-101 - -107) - 5)?
-24
What is the value of 18 + 55 + -30 + -13?
30
-7 - 0 - ((10 - (21 - 11)) + -30)
23
What is the value of 27 + -12 + (15 - 11) + 0 + 9 - 1?
27
46 + (-9 - 7 - 33)
-3
Evaluate 49 - (116 + -60 - 42).
35
Calculate 4 - ((38 - -3) + 0 + -15).
-22
Calculate -55 - 0 - (-2290 + 2246).
-11
What is 36 + -9 + 6 + -43?
-10
Calculate 30 - -13 - 35 - ((-4 - -2) + 9 + 56).
-55
Evaluate -5 + 0 + -2 - 0 - (17 + (-58 - -33)).
1
-7 + 1 + 2 + 1 - (-2633 - -2653)
-23
-3 + -96 + (26 - (-20 + 19 - -10))
-82
What is the value of 0 - (6 + (-5 + 9 - 4)) - (1 - 6)?
-1
Evaluate -46 + 90 + -35 + 5.
14
Calculate 51 + (-9 + 0 - (4 + -5) - (-2 + 0)).
45
What is the value of 376 + -373 - (-1 - (21 + -1))?
24
What is 194 + (218 - 164) + -147?
101
Calculate -42 + (31 - -19) + 1 + 17.
26
What is the value of -8 + 92 + -12 + 21 - 20?
73
What is -13 + (75 - 9) + 10 + (5 - 12)?
56
What is -90 + -13 + -16 + 30 + 9?
-80
Evaluate -15 + (6 - (7 + 5 + -10)) + 23 + -19.
-7
Calculate (32 - 2 - (-188 + 114)) + -47.
57
What is -2 + -9 - (-12 + 5) - (368 + -343)?
-29
-1 - (63 - (7 - (-1 + 1 + 5 - 8)))
-54
Evaluate -15 + (1 - (-13 - -21) - -23) - (-1 + -73).
75
What is (-6 - -11 - -90) + (0 - (-34 - -17)) + -21?
91
What is (97 - 95) + 38 - (3 - -24)?
13
Evaluate 7 + -14 - (18 + -2 - 35).
12
0 + -2 + -4 + (55 - (181 + -92))
-40
-12 + (9 - 23